are the prime factors of h?
7
Let y(n) = 2*n**3 + n**2 + 4*n + 3. Let g be y(-2). Let h = g + 28. What are the prime factors of h?
11
Let u(z) = z**2 + z - 2. Let i be u(-3). Suppose 0 = -4*x + 20, -3*p + i*x = -0*p - 40. List the prime factors of p.
2, 5
Let k be 0*(15/(-6) + 2). Let w(x) = x**3 + x**2 - x + 4. List the prime factors of w(k).
2
Suppose -4*a + 8 = -0*a. Let z(s) = -33 + 33 - a*s. What are the prime factors of z(-8)?
2
Let u = 6 - 8. Let a be u/((-3)/6*2). List the prime factors of 33/6 + a/4.
2, 3
List the prime factors of -2*(-9)/(-6)*(3 + -46).
3, 43
Suppose w - 98 = -j + 20, 4*w = 3*j - 333. What are the prime factors of j?
5, 23
Suppose 5*u = -20, 0 = 3*b - 3*u + 4*u - 68. Let d be ((-1)/(-2))/(1/(-12)). What are the prime factors of (b/9)/((-2)/d)?
2
Suppose -4*p = -14 + 6. Suppose -7*i + 70 = -p*i. Suppose -2*r = -0*r - i. List the prime factors of r.
7
Suppose -282 = o - 5*o - 3*y, 211 = 3*o + 2*y. What are the prime factors of o?
3, 23
Suppose -2*j + 72 = -3*d, -4*j - 4*d + 144 = -0*j. List the prime factors of j.
2, 3
Suppose 4*i - 163 = 3*y + 296, 3*y = -4*i + 477. List the prime factors of i.
3, 13
Let v = -303 - -595. List the prime factors of v.
2, 73
Suppose -5*d + q + 122 = 0, -4*d + 81 = 4*q - 7. Suppose 4*p - 5*y + 27 = 0, 3*p + 0 = 5*y - d. List the prime factors of ((-1)/p)/(1/9).
3
Let p be (-2)/(-7) - (-6)/(-21). Suppose 2*x - 14 = -2*f, -x + p*f + 12 = 2*f. List the prime factors of (3 - x)/(2/26).
13
Let t(z) = 10*z - 14. Let i be t(-7). Let p = -41 - i. List the prime factors of p.
43
Let k(i) = i - 6*i - 2*i + 4*i - 3. What are the prime factors of k(-7)?
2, 3
Let t(y) = -28*y + 1. Let b = 5 - 4. Let p be t(b). Let w = 47 + p. What are the prime factors of w?
2, 5
Let v(g) be the third derivative of g**4/24 + g**3/2 - 2*g**2. List the prime factors of v(8).
11
Suppose v = -5*g - 154, -2*v = -2*g - 125 + 469. Let x = 239 + v. Suppose 5*b + 2*d - x = 0, 2*b + d - 17 - 10 = 0. List the prime factors of b.
2
Let n(q) = -q**2 - 7*q - 3. Suppose 0 = -10*h + 11*h + 5. List the prime factors of n(h).
7
Suppose 54 + 151 = 5*o. List the prime factors of o.
41
Let u(z) = -z - 1. Let b = 5 + -3. Suppose -3 + 17 = -b*g. What are the prime factors of u(g)?
2, 3
Suppose 2*d = 4*d - 94. Suppose -3*r - d = c - 6*c, 0 = 2*c - 8. Let h = -2 - r. What are the prime factors of h?
7
Suppose 0 = -4*v + 62 + 42. What are the prime factors of v?
2, 13
Let v(h) be the second derivative of h**3/3 + h**2 - 4*h. What are the prime factors of v(6)?
2, 7
Let m = 0 - -2. Suppose -4*o - 14 = -m*h - 36, 5*h - 25 = 0. List the prime factors of o.
2
Let k(u) = -u**2 + 8*u + 5. Suppose -3*a = 2*a - 35. List the prime factors of k(a).
2, 3
Let b(s) = -2*s**2 - 2. Let d be (3 - 0) + 3 + -2. Let a be b(d). Let q = a - -56. List the prime factors of q.
2, 11
Suppose -i + 2 = -3*i, -243 = -n - 4*i. What are the prime factors of n?
13, 19
Let c = -50 - -34. Let k be -5*(c/5)/4. Suppose h + 36 = k*r, -h + 24 = -3*r + 5*r. List the prime factors of r.
2, 5
Let x(b) = -b**3 - 13*b**2 + 13*b + 12. What are the prime factors of x(-14)?
2, 13
Suppose 3*v + 0*v = 9. Suppose 0 = 3*y + v - 9. What are the prime factors of (y - 1/1) + 2?
3
Let m(b) = -4*b**3 + 3*b**3 + 2*b**3 - 12 + 9*b**2 - 10*b. Let y be m(-10). What are the prime factors of y/42 + (-58)/(-7)?
2
Suppose -5*c + 78 = -2*c. What are the prime factors of c?
2, 13
Let p(t) = -5*t**3 - 3*t**2 + 2. What are the prime factors of p(-2)?
2, 3, 5
Let m(q) = -q + 6. Let s be m(0). What are the prime factors of (-2)/s + 80/6?
13
Let j = 50 - 30. List the prime factors of j.
2, 5
Let z be ((-10)/1 - -2) + 2. Let a = z + 15. What are the prime factors of a?
3
Suppose 5*c - 23 = -w + 48, -2*c = 4*w - 194. List the prime factors of w.
2, 23
Let i = 10 - 11. List the prime factors of 41 + 0 - i - 1.
41
Suppose -j = -3*m - 28, 4*m + 16 + 32 = 2*j. What are the prime factors of j?
2
Let u(n) = -2 - 15*n**2 - 6 + n**3 + 2*n + 3*n**2. What are the prime factors of u(12)?
2
Let s(q) be the first derivative of q**4/4 - q**3 - 4*q**2 + 3*q + 1. What are the prime factors of s(5)?
13
What are the prime factors of (8/(-4))/((-4)/24)?
2, 3
Suppose -6*x = -16*x + 1690. List the prime factors of x.
13
Let g(t) = 5*t**2 + t. Let n be g(1). Suppose 0*f + 5*f = -0*f. Let j = f + n. What are the prime factors of j?
2, 3
Let y(n) = -n**3 - 2*n**2 - 6*n + 7. Let x(i) = -i**3 - 3*i**2 - 5*i + 6. Let c(b) = 5*x(b) - 4*y(b). What are the prime factors of c(-7)?
3
Suppose 3*h - 212 = -17. Let w = -3 - -5. Suppose -7*z + w*z + h = 0. What are the prime factors of z?
13
Let x(j) = -j**2 - 5 - 4*j + 3*j**2 + 2. Let t be x(-3). Let u = t - 18. What are the prime factors of u?
3
Let b(o) = o + 13. Let n be b(-10). Suppose -k + 112 = n*k. What are the prime factors of k?
2, 7
Suppose 5*m - 2*h = 3*h, -h = 3*m - 4. Suppose -m - 2 = t. Let j = t - -14. What are the prime factors of j?
11
Suppose -d = 2*d - 5*l + 14, -d - 5*l + 2 = 0. Suppose -4 = -c - 7. What are the prime factors of (-2 - c) + d + 13?
11
Suppose w = s + 25, 2*s - 3*s + 62 = 2*w. List the prime factors of w.
29
Suppose -n + 8 = 3*t - 4, -64 = -3*n + 5*t. Suppose 4*p = 5*i + n, 3*i + 5*p + 6 + 27 = 0. What are the prime factors of (6/3)/((-4)/i)?
3
Let m be ((-1)/(-3))/((-6)/(-36)). Suppose c - m*c = -12. List the prime factors of c.
2, 3
List the prime factors of 3 + (-2184)/(-18) + 2/3.
5
Suppose -4*v = -16, -14 = -4*r + v - 2. Suppose -7*y + r*y + 12 = 0. List the prime factors of y.
2
Let w(z) = -z - 1. Let l be w(-7). Suppose 0 = -s + l*s + 1220. List the prime factors of 4/14 + s/(-28).
3
Let w(y) = -y**2 + 6*y - 1. Suppose 0 = -3*v - 3*q + 21, -3*v + 3*q + 1 = 2*q. Suppose -a - v = -3*n, -5*a - 5*n - 11 = -41. List the prime factors of w(a).
7
What are the prime factors of ((-26)/(-8))/(2/24)?
3, 13
Let p be 1 + (-1)/((-3)/(-30)). Let z = p + 24. Suppose -3*t = -48 + z. List the prime factors of t.
11
Let s = -65 + 72. List the prime factors of s.
7
Suppose -3*o + 4*k = 7, 0*k + 5 = 3*o - k. Suppose 5*a - 120 = -f - f, -72 = -o*a + 4*f. Suppose 3*j - a = 9. What are the prime factors of j?
11
Suppose 0 = -x - 0 + 2. Suppose -2*w = 3*r + 3, -4*r + 32 = -3*w + 2. Let u = x - w. What are the prime factors of u?
2
Suppose -4*g + 14 = -94. Let d = g - 12. List the prime factors of d.
3, 5
Suppose -6*c - 39 = -423. What are the prime factors of c?
2
Let u(v) = -v**3 + 5*v**2 + v - 5. List the prime factors of u(4).
3, 5
Let c = -7 + 12. Suppose -c*b - 53 + 453 = 0. Suppose -6*p + p = -b. What are the prime factors of p?
2
Let g(b) = -3*b - 1. Let p be g(-2). Suppose 28 = p*f - 2. Suppose -f = -2*w + 6. List the prime factors of w.
2, 3
Suppose f + 6 = 2. Let y(b) = -b. Let i be y(1). What are the prime factors of (i - 3)*2/f?
2
Let v be (-3)/(-12) + (-45)/(-12). Suppose v*y + 0*y - 16 = 0. List the prime factors of y.
2
Suppose -3*q = 4*c - 363, 2*c - q - 180 = -3*q. What are the prime factors of c?
3, 31
Suppose -26*d - 82 = -27*d. What are the prime factors of d?
2, 41
Let f(o) = o**2 - o + 10. List the prime factors of f(0).
2, 5
Let g(i) = i**2 + 9*i - 3. Let f(z) = -4 + 0 + 1 + 4. Let q(h) = 2*f(h) - g(h). What are the prime factors of q(-8)?
13
Let o(n) = n**3 - 3*n**2 + 2*n. Let z = 0 + 3. What are the prime factors of o(z)?
2, 3
Let a be (-1 + 2)*47 + 1. Suppose a = 2*y - 0. List the prime factors of (-5)/(-2)*y/15.
2
Let w(d) = -293*d**3 + 3*d**2 + 3*d + 1. What are the prime factors of w(-1)?
2, 3, 7
Let x = -17 - -90. Let d = x - 46. Suppose -b = q - 3*q + d, b + 13 = q. List the prime factors of q.
2, 7
Let q(t) = t**3 + 5*t**2 - 4*t - 2. Let c be q(-5). Let w = c - 1. What are the prime factors of w?
17
Let v be (0 + -2 - -12)/2. Let b = -3 - -3. Suppose -2*k - 4*r + 29 = r, b = v*k + 2*r - 41. List the prime factors of k.
7
Let g(b) = b**3 + b**2 + 2*b - 10. What are the prime factors of g(4)?
2, 3, 13
Suppose -p = -26 - 41. Let j = -37 + p. What are the prime factors of j?
2, 3, 5
Let t(s) = -s**3 + 9*s**2 - 9*s + 12. Let d be t(8). Suppose -54 = -4*q + c, 3*c - 26 = -2*q + d*c. List the prime factors of q.
2, 7
Let l be (0 - 0)/(1 + 0). Suppose -4*r = 4*h - 64, 5*h = 2*r - 0*r - 60. Suppose 0 = -2*k - l*k + r. List the prime factors of k.
2, 5
L